{"id":104,"date":"2022-12-19T13:13:21","date_gmt":"2022-12-19T16:13:21","guid":{"rendered":"http:\/\/oatec.itba.edu.ar\/?page_id=104"},"modified":"2026-01-20T15:18:15","modified_gmt":"2026-01-20T18:18:15","slug":"la-oatec-en-los-medios","status":"publish","type":"page","link":"https:\/\/www.oatec.org.ar\/index.php\/la-oatec-en-los-medios\/","title":{"rendered":"La OATec en los medios"},"content":{"rendered":"<p>[et_pb_section fb_built=\u00bb1&#8243; inner_shadow=\u00bbon\u00bb fullwidth=\u00bbon\u00bb _builder_version=\u00bb4.16&#8243; background_color=\u00bb#ffffff\u00bb top_divider_style=\u00bbcurve2&#8243; top_divider_color=\u00bbrgba(0,0,0,0.22)\u00bb top_divider_height=\u00bb19px\u00bb box_shadow_style=\u00bbpreset6&#8243; global_colors_info=\u00bb{}\u00bb][et_pb_fullwidth_header text_orientation=\u00bbcenter\u00bb background_overlay_color=\u00bbrgba(120,229,18,0.63)\u00bb module_id=\u00bb.et_pb_section\u00bb module_class=\u00bb.et_pb_section\u00bb _builder_version=\u00bb4.16&#8243; content_font=\u00bbComfortaa||||||||\u00bb content_text_align=\u00bbcenter\u00bb background_color=\u00bb#7ebec5&#8243; parallax=\u00bbon\u00bb background_layout=\u00bblight\u00bb max_width_tablet=\u00bb50px\u00bb child_filter_saturate=\u00bb41%\u00bb child_filter_opacity=\u00bb0%\u00bb custom_css_main_element=\u00bbpadding-top:0px;\u00bb custom_css_header_container=\u00bbheight:10px;||max-height: 80px;\u00bb text_shadow_style=\u00bbpreset5&#8243; global_colors_info=\u00bb{}\u00bb button_one_text_size__hover_enabled=\u00bboff\u00bb button_one_text_size__hover=\u00bbnull\u00bb button_two_text_size__hover_enabled=\u00bboff\u00bb button_two_text_size__hover=\u00bbnull\u00bb button_one_text_color__hover_enabled=\u00bboff\u00bb button_one_text_color__hover=\u00bbnull\u00bb button_two_text_color__hover_enabled=\u00bboff\u00bb button_two_text_color__hover=\u00bbnull\u00bb button_one_border_width__hover_enabled=\u00bboff\u00bb button_one_border_width__hover=\u00bbnull\u00bb button_two_border_width__hover_enabled=\u00bboff\u00bb button_two_border_width__hover=\u00bbnull\u00bb button_one_border_color__hover_enabled=\u00bboff\u00bb button_one_border_color__hover=\u00bbnull\u00bb button_two_border_color__hover_enabled=\u00bboff\u00bb button_two_border_color__hover=\u00bbnull\u00bb button_one_border_radius__hover_enabled=\u00bboff\u00bb button_one_border_radius__hover=\u00bbnull\u00bb button_two_border_radius__hover_enabled=\u00bboff\u00bb button_two_border_radius__hover=\u00bbnull\u00bb button_one_letter_spacing__hover_enabled=\u00bbon\u00bb button_one_letter_spacing__hover=\u00bb0&#8243; button_two_letter_spacing__hover_enabled=\u00bbon\u00bb button_two_letter_spacing__hover=\u00bb0&#8243; button_one_bg_color__hover_enabled=\u00bboff\u00bb button_one_bg_color__hover=\u00bbnull\u00bb button_two_bg_color__hover_enabled=\u00bboff\u00bb button_two_bg_color__hover=\u00bbnull\u00bb]<\/p>\n<p style=\"text-align: center;\"><span style=\"color: #ffffff;\">OATEC 2026<\/span><\/p>\n<p>[\/et_pb_fullwidth_header][\/et_pb_section][et_pb_section fb_built=\u00bb1&#8243; custom_padding_last_edited=\u00bbon|desktop\u00bb admin_label=\u00bbsection\u00bb _builder_version=\u00bb4.16&#8243; background_color=\u00bb#f4f4f4&#8243; custom_padding_tablet=\u00bb50px|0|50px|0&#8243; custom_padding_phone=\u00bb\u00bb transparent_background=\u00bboff\u00bb padding_mobile=\u00bboff\u00bb make_fullwidth=\u00bboff\u00bb use_custom_width=\u00bboff\u00bb width_unit=\u00bbon\u00bb global_colors_info=\u00bb{}\u00bb][et_pb_row padding_mobile=\u00bboff\u00bb column_padding_mobile=\u00bbon\u00bb admin_label=\u00bbrow\u00bb _builder_version=\u00bb4.16&#8243; background_size=\u00bbinitial\u00bb background_position=\u00bbtop_left\u00bb background_repeat=\u00bbrepeat\u00bb make_fullwidth=\u00bboff\u00bb use_custom_width=\u00bboff\u00bb width_unit=\u00bbon\u00bb global_colors_info=\u00bb{}\u00bb][et_pb_column type=\u00bb4_4&#8243; _builder_version=\u00bb4.16&#8243; custom_padding=\u00bb|||\u00bb global_colors_info=\u00bb{}\u00bb custom_padding__hover=\u00bb|||\u00bb][et_pb_text _builder_version=\u00bb4.19.3&#8243; background_size=\u00bbinitial\u00bb background_position=\u00bbtop_left\u00bb background_repeat=\u00bbrepeat\u00bb use_border_color=\u00bboff\u00bb global_colors_info=\u00bb{}\u00bb]<\/p>\n<p style=\"text-align: right; color: #93bb3b;\"><a href=\"https:\/\/www.oatec.org.ar\/index.php\/difusion\/\">DIFUSI\u00d3N<\/a>\u00a0<span style=\"color: #a6a6a6;\"> &gt;&gt; <\/span> \u00a0LA OATec EN LOS MEDIOS<\/p>\n<p>[\/et_pb_text][et_pb_text _builder_version=\u00bb4.16&#8243; background_size=\u00bbinitial\u00bb background_position=\u00bbtop_left\u00bb background_repeat=\u00bbrepeat\u00bb use_border_color=\u00bboff\u00bb border_color=\u00bb#ffffff\u00bb border_style=\u00bbsolid\u00bb global_colors_info=\u00bb{}\u00bb]<\/p>\n<h1 style=\"line-height: 40px\">LA OATec EN LOS MEDIOS<\/h1>\n<p>[\/et_pb_text][et_pb_divider color=\u00bb#81d742&#8243; divider_weight=\u00bb2&#8243; _builder_version=\u00bb4.16&#8243; height=\u00bb2px\u00bb hide_on_mobile=\u00bboff\u00bb global_colors_info=\u00bb{}\u00bb][\/et_pb_divider][\/et_pb_column][\/et_pb_row][et_pb_row column_structure=\u00bb1_2,1_2&#8243; _builder_version=\u00bb4.16&#8243; background_size=\u00bbinitial\u00bb background_position=\u00bbtop_left\u00bb background_repeat=\u00bbrepeat\u00bb global_colors_info=\u00bb{}\u00bb][et_pb_column type=\u00bb1_2&#8243; _builder_version=\u00bb4.16&#8243; custom_padding=\u00bb|||\u00bb global_colors_info=\u00bb{}\u00bb custom_padding__hover=\u00bb|||\u00bb][et_pb_text _builder_version=\u00bb4.27.4&#8243; _module_preset=\u00bbdefault\u00bb global_colors_info=\u00bb{}\u00bb]<\/p>\n<p><strong>El Sure\u00f1o<\/strong><br \/><a href=\"https:\/\/www.surenio.com.ar\/competencia-argentina-de-tecnologia\/\">Competencia Argentina de Tecnolog\u00eda<\/a><\/p>\n<p><strong>Diario de cuyo<\/strong><br \/><a href=\"https:\/\/www.diariodecuyo.com.ar\/edicionimpresa\/vuelve-la-competencia-argentina-de-tecnologia-1621280.html\">Vuelve la Competencia Argentina de Tecnolog\u00eda<\/a><\/p>\n<p><strong>Todojujuy<\/strong><br \/><a href=\"https:\/\/www.todojujuy.com\/jujuy\/una-jujena-las-mejores-la-competencia-argentina-tecnologia-n259743\">Una juje\u00f1a entre las mejores de la Competencia Argentina de Tecnolog\u00eda<\/a><\/p>\n<p><strong>Corrientes al d\u00eda<\/strong><br \/><a href=\"https:\/\/corrientesaldia.info\/2024\/10\/09\/un-alumno-correntino-en-la-9-final-de-la-oatec\/\">Un alumno correntino en la 9\u00b0 final de la OATec<\/a><\/p>\n<p><strong>Revista Colegio<\/strong><br \/><a href=\"https:\/\/revistacolegio.com\/comienza-una-nueva-edicion-de-la-competencia-argentina-de-tecnologia-oatec\/\">Comienza una nueva edici\u00f3n de la Competencia Argentina de Tecnolog\u00eda (OATec)<\/a><\/p>\n<p><strong>Universidades hoy<\/strong><br \/><a href=\"https:\/\/universidadeshoy.com.ar\/nota\/75778\/comienza-una-nueva-edicion-de-la-competencia-argentina-de-tecnologia-oatec\/\">Comienza una nueva edici\u00f3n de la Competencia Argentina de Tecnolog\u00eda (OATec)<\/a><\/p>\n<p><strong>\u00e1mbito<\/strong><br \/><a href=\"https:\/\/www.ambito.com\/informacion-general\/lanzan-una-nueva-edicion-lacompetenciaargentinadetecnologia-foco-el-campo-n6043179\">Lanzan una nueva edici\u00f3n de la Competencia Argentina de Tecnolog\u00eda con foco en el campo<\/a><\/p>\n<p><strong>La Naci\u00f3n<\/strong><br \/><a href=\"https:\/\/www.lanacion.com.ar\/tecnologia\/agenda-vida-digital-nid31082024\/\">Agenda vida digital &#8211; Eventos<\/a><\/p>\n<p><strong>Clar\u00edn<\/strong><br \/><a href=\"https:\/\/www.clarin.com\/tecnologia\/llega-competencia-tecnologia-estudiantes-secundarios_0_32CW7MMksI.html\">Llega una competencia de tecnolog\u00eda para estudiantes secundarios<\/a><\/p>\n<p><strong>Tucum\u00e1n Hoy (23-10-2023)<br \/><\/strong><a href=\"http:\/\/tucumanhoy.com\/VerNotaCompleta.py?IDNOTA=110499%20\">Llega la final de la octava competencia argentina de tecnolog\u00eda del ITBA<\/a><\/p>\n<p><strong style=\"font-size: 16px;\">El Territorio (23-10-2023)<br \/><\/strong><span><a href=\"https:\/\/www.elterritorio.com.ar\/noticias\/2023\/10\/23\/808372-estudiante%0Dmisionero-es-finalista-de-la-competencia-argentina-de-tecnologia\">Estudiante misionero es finalista de la Competencia Argentina de Tecnolog\u00eda<\/a><br \/><\/span><\/p>\n<p><span><strong>El Territorio (24-10-2023)<\/strong><br \/><a href=\"https:\/\/www.elterritorio.com.ar\/noticias\/2023\/10\/24\/808411-misionero-es%0Dfinalista-de-la-competencia-de-tecnologia\">Misionero es finalista de la Competencia de Tecnolog\u00eda<\/a><br \/><\/span><\/p>\n<p><span><strong>Noticias NQN (23-10-2023)<\/strong><br \/><a href=\"https:\/\/www.noticiasnqn.com.ar\/noticias\/2023\/10\/23\/284993-un-estudiante%0Dneuquino-esta-en-la-8-competencia-argentina-de-tecnologia-del-itba#google_vignette\">Un estudiante neuquino est\u00e1 en la 8\u00b0 Competencia Argentina de Tecnolog\u00eda del ITBA<\/a><\/span><\/p>\n<p><span><strong> Sitio Andino (25-10-2023)<br \/><\/strong><a href=\"https:\/\/www.sitioandino.com.ar\/sociedad\/una-mendocina-es-finalista-la-competencia-argentina-tecnologia-n5664770\">Una mendocina es finalista de la Competencia Argentina de Tecnolog\u00eda<\/a><strong><br \/><\/strong><\/span><\/p>\n<p><strong>Tiempo de San Juan (26-10-2023)<br \/><\/strong><a href=\"https:\/\/www.tiempodesanjuan.com\/san-juan\/dos-alumnos-sanjuaninos-la-gran-final-una-exigente-competencia-tecnologica-n361388#google_vignette\">Dos alumnos sanjuaninos, a la gran final de una exigente competencia tecnol\u00f3gica<\/a><\/p>\n<p>[\/et_pb_text][\/et_pb_column][et_pb_column type=\u00bb1_2&#8243; _builder_version=\u00bb4.16&#8243; custom_padding=\u00bb|||\u00bb global_colors_info=\u00bb{}\u00bb custom_padding__hover=\u00bb|||\u00bb][et_pb_slider _builder_version=\u00bb4.24.0&#8243; _module_preset=\u00bbdefault\u00bb min_height=\u00bb452.1px\u00bb custom_padding=\u00bb||324px|||\u00bb animation_style=\u00bbfade\u00bb auto=\u00bbon\u00bb auto_speed=\u00bb2000&#8243; auto_ignore_hover=\u00bbon\u00bb box_shadow_style=\u00bbpreset2&#8243; global_colors_info=\u00bb{}\u00bb][et_pb_slide _builder_version=\u00bb4.24.0&#8243; _module_preset=\u00bbdefault\u00bb background_image=\u00bbhttps:\/\/oatec-nv.s3.amazonaws.com\/wp-content\/uploads\/2024\/02\/El-territorio.png\u00bb background_enable_image=\u00bbon\u00bb global_colors_info=\u00bb{}\u00bb sticky_transition=\u00bbon\u00bb][\/et_pb_slide][et_pb_slide _builder_version=\u00bb4.24.0&#8243; _module_preset=\u00bbdefault\u00bb background_image=\u00bbhttps:\/\/oatec-nv.s3.amazonaws.com\/wp-content\/uploads\/2024\/02\/Noticias-NQN-.png\u00bb background_enable_image=\u00bbon\u00bb global_colors_info=\u00bb{}\u00bb sticky_transition=\u00bbon\u00bb][\/et_pb_slide][et_pb_slide _builder_version=\u00bb4.24.0&#8243; _module_preset=\u00bbdefault\u00bb background_enable_color=\u00bboff\u00bb background_image=\u00bbhttps:\/\/oatec-nv.s3.amazonaws.com\/wp-content\/uploads\/2024\/02\/El-territorio2.png\u00bb background_enable_image=\u00bbon\u00bb global_colors_info=\u00bb{}\u00bb sticky_transition=\u00bbon\u00bb][\/et_pb_slide][\/et_pb_slider][\/et_pb_column][\/et_pb_row][et_pb_row _builder_version=\u00bb4.16&#8243; background_size=\u00bbinitial\u00bb background_position=\u00bbtop_left\u00bb background_repeat=\u00bbrepeat\u00bb global_colors_info=\u00bb{}\u00bb][et_pb_column type=\u00bb4_4&#8243; _builder_version=\u00bb4.16&#8243; custom_padding=\u00bb|||\u00bb global_colors_info=\u00bb{}\u00bb custom_padding__hover=\u00bb|||\u00bb][\/et_pb_column][\/et_pb_row][\/et_pb_section]<\/p>\n","protected":false},"excerpt":{"rendered":"<p>OATEC 2026DIFUSI\u00d3N\u00a0 &gt;&gt; \u00a0LA OATec EN LOS MEDIOSLA OATec EN LOS MEDIOS El Sure\u00f1oCompetencia Argentina de Tecnolog\u00eda Diario de cuyoVuelve la Competencia Argentina de Tecnolog\u00eda TodojujuyUna juje\u00f1a entre las mejores de la Competencia Argentina de Tecnolog\u00eda Corrientes al d\u00edaUn alumno correntino en la 9\u00b0 final de la OATec Revista ColegioComienza una nueva edici\u00f3n de la [&hellip;]<\/p>\n","protected":false},"author":4,"featured_media":0,"parent":0,"menu_order":0,"comment_status":"closed","ping_status":"closed","template":"","meta":{"_et_pb_use_builder":"on","_et_pb_old_content":"","_et_gb_content_width":"","footnotes":""},"class_list":["post-104","page","type-page","status-publish","hentry"],"_links":{"self":[{"href":"https:\/\/www.oatec.org.ar\/index.php\/wp-json\/wp\/v2\/pages\/104","targetHints":{"allow":["GET"]}}],"collection":[{"href":"https:\/\/www.oatec.org.ar\/index.php\/wp-json\/wp\/v2\/pages"}],"about":[{"href":"https:\/\/www.oatec.org.ar\/index.php\/wp-json\/wp\/v2\/types\/page"}],"author":[{"embeddable":true,"href":"https:\/\/www.oatec.org.ar\/index.php\/wp-json\/wp\/v2\/users\/4"}],"replies":[{"embeddable":true,"href":"https:\/\/www.oatec.org.ar\/index.php\/wp-json\/wp\/v2\/comments?post=104"}],"version-history":[{"count":30,"href":"https:\/\/www.oatec.org.ar\/index.php\/wp-json\/wp\/v2\/pages\/104\/revisions"}],"predecessor-version":[{"id":2734,"href":"https:\/\/www.oatec.org.ar\/index.php\/wp-json\/wp\/v2\/pages\/104\/revisions\/2734"}],"wp:attachment":[{"href":"https:\/\/www.oatec.org.ar\/index.php\/wp-json\/wp\/v2\/media?parent=104"}],"curies":[{"name":"wp","href":"https:\/\/api.w.org\/{rel}","templated":true}]}}