{"id":116,"date":"2022-12-19T13:15:44","date_gmt":"2022-12-19T16:15:44","guid":{"rendered":"http:\/\/oatec.itba.edu.ar\/?page_id=116"},"modified":"2026-03-11T11:32:31","modified_gmt":"2026-03-11T14:32:31","slug":"preguntas-frecuentes","status":"publish","type":"page","link":"https:\/\/www.oatec.org.ar\/index.php\/preguntas-frecuentes\/","title":{"rendered":"Preguntas frecuentes"},"content":{"rendered":"<p>[et_pb_section fb_built=\u00bb1&#8243; inner_shadow=\u00bbon\u00bb fullwidth=\u00bbon\u00bb _builder_version=\u00bb4.16&#8243; background_color=\u00bb#ffffff\u00bb top_divider_style=\u00bbcurve2&#8243; top_divider_color=\u00bbrgba(0,0,0,0.22)\u00bb top_divider_height=\u00bb19px\u00bb box_shadow_style=\u00bbpreset6&#8243; global_colors_info=\u00bb{}\u00bb][et_pb_fullwidth_header text_orientation=\u00bbcenter\u00bb background_overlay_color=\u00bbrgba(120,229,18,0.63)\u00bb module_id=\u00bb.et_pb_section\u00bb module_class=\u00bb.et_pb_section\u00bb _builder_version=\u00bb4.27.4&#8243; content_font=\u00bbComfortaa||||||||\u00bb content_text_align=\u00bbcenter\u00bb background_color=\u00bb#7ebec5&#8243; parallax=\u00bbon\u00bb background_layout=\u00bblight\u00bb max_width_tablet=\u00bb50px\u00bb child_filter_saturate=\u00bb41%\u00bb child_filter_opacity=\u00bb0%\u00bb custom_css_main_element=\u00bbpadding-top:0px;\u00bb custom_css_header_container=\u00bbheight:10px;||max-height: 80px;\u00bb text_shadow_style=\u00bbpreset5&#8243; global_colors_info=\u00bb{}\u00bb button_one_text_size__hover_enabled=\u00bboff\u00bb button_one_text_size__hover=\u00bbnull\u00bb button_two_text_size__hover_enabled=\u00bboff\u00bb button_two_text_size__hover=\u00bbnull\u00bb button_one_text_color__hover_enabled=\u00bboff\u00bb button_one_text_color__hover=\u00bbnull\u00bb button_two_text_color__hover_enabled=\u00bboff\u00bb button_two_text_color__hover=\u00bbnull\u00bb button_one_border_width__hover_enabled=\u00bboff\u00bb button_one_border_width__hover=\u00bbnull\u00bb button_two_border_width__hover_enabled=\u00bboff\u00bb button_two_border_width__hover=\u00bbnull\u00bb button_one_border_color__hover_enabled=\u00bboff\u00bb button_one_border_color__hover=\u00bbnull\u00bb button_two_border_color__hover_enabled=\u00bboff\u00bb button_two_border_color__hover=\u00bbnull\u00bb button_one_border_radius__hover_enabled=\u00bboff\u00bb button_one_border_radius__hover=\u00bbnull\u00bb button_two_border_radius__hover_enabled=\u00bboff\u00bb button_two_border_radius__hover=\u00bbnull\u00bb button_one_letter_spacing__hover_enabled=\u00bbon\u00bb button_one_letter_spacing__hover=\u00bb0&#8243; button_two_letter_spacing__hover_enabled=\u00bbon\u00bb button_two_letter_spacing__hover=\u00bb0&#8243; button_one_bg_color__hover_enabled=\u00bboff\u00bb button_one_bg_color__hover=\u00bbnull\u00bb button_two_bg_color__hover_enabled=\u00bboff\u00bb button_two_bg_color__hover=\u00bbnull\u00bb]<\/p>\n<p style=\"text-align: center;\"><span style=\"color: #ffffff;\">OATEC 2026<\/span><\/p>\n<p>[\/et_pb_fullwidth_header][\/et_pb_section][et_pb_section fb_built=\u00bb1&#8243; custom_padding_last_edited=\u00bbon|desktop\u00bb admin_label=\u00bbsection\u00bb _builder_version=\u00bb4.16&#8243; background_color=\u00bb#f4f4f4&#8243; custom_padding_tablet=\u00bb50px|0|50px|0&#8243; custom_padding_phone=\u00bb\u00bb transparent_background=\u00bboff\u00bb padding_mobile=\u00bboff\u00bb make_fullwidth=\u00bboff\u00bb use_custom_width=\u00bboff\u00bb width_unit=\u00bbon\u00bb global_colors_info=\u00bb{}\u00bb][et_pb_row padding_mobile=\u00bboff\u00bb column_padding_mobile=\u00bbon\u00bb admin_label=\u00bbrow\u00bb _builder_version=\u00bb4.16&#8243; background_size=\u00bbinitial\u00bb background_position=\u00bbtop_left\u00bb background_repeat=\u00bbrepeat\u00bb custom_width_px=\u00bb550px\u00bb global_colors_info=\u00bb{}\u00bb][et_pb_column type=\u00bb4_4&#8243; _builder_version=\u00bb4.16&#8243; custom_padding=\u00bb|||\u00bb global_colors_info=\u00bb{}\u00bb custom_padding__hover=\u00bb|||\u00bb][et_pb_text _builder_version=\u00bb4.19.3&#8243; background_size=\u00bbinitial\u00bb background_position=\u00bbtop_left\u00bb background_repeat=\u00bbrepeat\u00bb text_line_height_tablet=\u00bb\u00bb text_line_height_phone=\u00bb\u00bb text_line_height_last_edited=\u00bbon|phone\u00bb use_border_color=\u00bboff\u00bb global_colors_info=\u00bb{}\u00bb]<\/p>\n<p style=\"text-align: right; color: #93bb3b;\"><a href=\"https:\/\/www.oatec.org.ar\/index.php\/acerca-de-oatec\/\">ACERCA DE OATec<\/a>\u00a0 <span style=\"color: #a6a6a6;\"> &gt;&gt; <\/span>\u00a0PREGUNTAS FRECUENTES<\/p>\n<p>[\/et_pb_text][et_pb_text _builder_version=\u00bb4.16&#8243; background_size=\u00bbinitial\u00bb background_position=\u00bbtop_left\u00bb background_repeat=\u00bbrepeat\u00bb use_border_color=\u00bboff\u00bb border_color=\u00bb#ffffff\u00bb border_style=\u00bbsolid\u00bb global_colors_info=\u00bb{}\u00bb]<\/p>\n<div class=\"row\">\n<div class=\"col-md-12\">\n<h1 class=\"col-md-12 section-title;\" style=\"line-height: 40px\">PREGUNTAS FRECUENTES<\/h1>\n<\/div>\n<\/div>\n<p>[\/et_pb_text][et_pb_divider color=\u00bb#81d742&#8243; divider_weight=\u00bb2&#8243; disabled_on=\u00bbon|on|on\u00bb _builder_version=\u00bb4.27.4&#8243; height=\u00bb2px\u00bb hide_on_mobile=\u00bboff\u00bb disabled=\u00bbon\u00bb global_colors_info=\u00bb{}\u00bb][\/et_pb_divider][et_pb_accordion open_toggle_text_color=\u00bb#002251&#8243; open_toggle_background_color=\u00bbrgba(144,214,94,0.44)\u00bb closed_toggle_text_color=\u00bb#114087&#8243; closed_toggle_background_color=\u00bbrgba(0,0,0,0.07)\u00bb icon_color=\u00bb#114087&#8243; disabled_on=\u00bboff|off|off\u00bb _builder_version=\u00bb4.27.4&#8243; toggle_font=\u00bbSource Sans Pro||||||||\u00bb toggle_font_size=\u00bb14&#8243; toggle_letter_spacing=\u00bb1px\u00bb toggle_line_height=\u00bb1.4em\u00bb background_color=\u00bbRGBA(255,255,255,0)\u00bb border_width_all=\u00bb1px\u00bb border_color_all=\u00bb#ffffff\u00bb border_style_all=\u00bbsolid\u00bb box_shadow_style=\u00bbpreset2&#8243; use_border_color=\u00bbon\u00bb border_color=\u00bb#ffffff\u00bb border_style=\u00bbsolid\u00bb global_colors_info=\u00bb{}\u00bb][et_pb_accordion_item title=\u00bb\u00bfQui\u00e9nes pueden participar en la OATec?\u00bb _builder_version=\u00bb4.27.4&#8243; global_colors_info=\u00bb{}\u00bb open=\u00bboff\u00bb]<\/p>\n<p>Pueden participar de la Competencia todos aquellos aspirantes que se encuentren en condici\u00f3n de alumnos regulares de escuelas secundarias, tanto estatales como privadas, de todo el pa\u00eds, desde 1.er a\u00f1o hasta el \u00faltimo a\u00f1o del nivel secundario, con la siguiente condici\u00f3n: no superar los <strong data-start=\"400\" data-end=\"474\">19 a\u00f1os cumplidos durante el a\u00f1o en que se lleve a cabo la instancia final de la competencia<\/strong>.<\/p>\n<p>[\/et_pb_accordion_item][et_pb_accordion_item title=\u00bb\u00bfC\u00f3mo pueden participar en la OATec?\u00bb _builder_version=\u00bb4.27.4&#8243; global_colors_info=\u00bb{}\u00bb open=\u00bboff\u00bb]<\/p>\n<p data-start=\"144\" data-end=\"270\">Para participar, deber\u00e1n registrarse el colegio, la persona de contacto (docente de la instituci\u00f3n) y el docente orientador.<\/p>\n<p data-start=\"272\" data-end=\"471\">Una vez enviado el formulario, la OATec realizar\u00e1 la validaci\u00f3n correspondiente y luego enviar\u00e1 a la persona de contacto y al docente orientador el enlace para realizar la inscripci\u00f3n de los alumnos.<\/p>\n<p data-start=\"473\" data-end=\"630\">El registro se realiza a trav\u00e9s del sitio web de la Competencia: <strong data-start=\"538\" data-end=\"558\"><a data-start=\"540\" data-end=\"556\" rel=\"noopener\" target=\"_new\" class=\"decorated-link\" href=\"https:\/\/www.oatec.org.ar\">www.oatec.org.ar<\/a><\/strong><\/p>\n<p data-start=\"473\" data-end=\"630\">en el bot\u00f3n <strong data-start=\"572\" data-end=\"589\">\u201cInscripci\u00f3n\u201d<\/strong> que se encuentra en la p\u00e1gina de inicio.<\/p>\n<p data-start=\"632\" data-end=\"683\">La participaci\u00f3n en la Competencia es <strong data-start=\"670\" data-end=\"682\">gratuita<\/strong>.<\/p>\n<p>[\/et_pb_accordion_item][et_pb_accordion_item title=\u00bb\u00bfCu\u00e1ntos alumnos se pueden inscribir por escuela?\u00bb _builder_version=\u00bb4.27.4&#8243; global_colors_info=\u00bb{}\u00bb open=\u00bboff\u00bb]<\/p>\n<p>Pueden inscribirse en la Competencia Argentina de Tecnolog\u00eda todos los alumnos regulares de escuelas secundarias estatales o privadas de todo el pa\u00eds que as\u00ed lo deseen desde el 1er a\u00f1o hasta el \u00faltimo a\u00f1o del secundario.<\/p>\n<p><strong>No hay l\u00edmite de inscripci\u00f3n de alumnos por colegio<\/strong>. Pueden inscribirse del mismo colegio de diferentes a\u00f1os de cursada (ejemplo alumnos de 3ro, 4to, 5to a\u00f1o, ,etc)<\/p>\n<p>[\/et_pb_accordion_item][et_pb_accordion_item title=\u00bb\u00bfEl examen de la 1\u00ba instancia local es \u00fanico para todos?\u00bb _builder_version=\u00bb4.27.4&#8243; global_colors_info=\u00bb{}\u00bb open=\u00bboff\u00bb]<\/p>\n<p>S\u00ed, el examen de la 1\u00ba instancia de la OATec es \u00fanico y se rinde de manera simult\u00e1nea para todos los participantes en todo el pa\u00eds.<\/p>\n<p>[\/et_pb_accordion_item][et_pb_accordion_item title=\u00bb\u00bfC\u00f3mo me entero si cambiaron el d\u00eda y\/o el horario de cualquiera de los ex\u00e1menes?\u00bb _builder_version=\u00bb4.23.1&#8243; global_colors_info=\u00bb{}\u00bb open=\u00bboff\u00bb]<\/p>\n<p>En el caso que surgiera por alg\u00fan motivo el cambio de horario y\/o fecha de los ex\u00e1menes, los mismos ser\u00e1n publicados en el sitio web de la competencia <a href=\"https:\/\/www.www.oatec.org.ar\/\">www.oatec.org.ar<\/a>\u00a0en la \u201chome\u201d, como as\u00ed tambi\u00e9n en la secci\u00f3n \u201ccronograma\u201d.<\/p>\n<p>[\/et_pb_accordion_item][et_pb_accordion_item title=\u00bb\u00bfQu\u00e9 ocurre si en la 1\u00ba y\/o 2\u00b0  instancia se nos cae internet en el colegio o no podemos conectarnos al momento del comienzo del examen por cualquier otro motivo?\u00bb open=\u00bboff\u00bb _builder_version=\u00bb4.27.4&#8243; global_colors_info=\u00bb{}\u00bb]<\/p>\n<p>Nuestra filosof\u00eda es garantizar igualdad de oportunidades y condiciones a todos los alumnos a la hora de rendir los ex\u00e1menes. Ello se logra mediante el mecanismo de que todos los participantes rindan simult\u00e1neamente el examen en una instancia \u00fanica. Por lo tanto, y de acuerdo a lo estipulado en el reglamento general de nuestra competencia, el alumno que no pueda rendir el examen de 1\u00ba y 2\u00b0 instancia (cualquiera fuera la raz\u00f3n) quedar\u00e1 excluido autom\u00e1ticamente de la misma.<\/p>\n<p>[\/et_pb_accordion_item][et_pb_accordion_item title=\u00bb\u00bfRecibir\u00e9 un mail confirmando mi pase a la 2\u00ba instancia regional?\u00bb _builder_version=\u00bb4.27.4&#8243; global_colors_info=\u00bb{}\u00bb open=\u00bboff\u00bb]<\/p>\n<p>Recibir\u00e1n la comunicaci\u00f3n de manera interna.<\/p>\n<p><span>Los estudiantes clasificados como\u00a0<\/span><strong>Finalistas Regionales<\/strong><span>\u00a0(100 alumnos seleccionados) quedar\u00e1n habilitados para rendir el Examen Regional.<\/span><\/p>\n<p><span>El examen se desarrollar\u00e1 bajo monitoreo obligatorio de un miembro del Staff de la OATec. El sistema y las condiciones de supervisi\u00f3n ser\u00e1n especificados y comunicados previamente a los estudiantes seleccionados.<\/span><\/p>\n<p>[\/et_pb_accordion_item][et_pb_accordion_item title=\u00bb\u00bfCu\u00e1nto duran y cu\u00e1ndo se rinden los ex\u00e1menes?\u00bb _builder_version=\u00bb4.27.4&#8243; global_colors_info=\u00bb{}\u00bb open=\u00bboff\u00bb]<\/p>\n<p>Consultar al respecto en la secci\u00f3n ex\u00e1menes\/1\u00ba instancia\/ 2\u00ba instancia\/3\u00b0 instancia, all\u00ed encontrar\u00e1n toda la informaci\u00f3n necesaria.<\/p>\n<p>[\/et_pb_accordion_item][et_pb_accordion_item title=\u00bb\u00bfCualquier alumno de cualquier nivel u orientaci\u00f3n puede participar de la OATec?\u00bb _builder_version=\u00bb4.27.4&#8243; global_colors_info=\u00bb{}\u00bb open=\u00bboff\u00bb]<\/p>\n<p>S\u00ed. El examen online (1\u00ba instancia\/2\u00b0 instancia) y el proyecto final (3\u00ba instancia) se basan en propuestas tales que, con un adecuado estudio, el correspondiente apoyo docente, el material, la bibliograf\u00eda y los ejemplos de preguntas en nuestro sitio web, cualquier estudiante secundario con voluntad y entusiasmo podr\u00e1 abordarlos sin mayores inconvenientes.<\/p>\n<p>[\/et_pb_accordion_item][et_pb_accordion_item title=\u00bb\u00bfC\u00f3mo se lleva a cabo la comunicaci\u00f3n entre la OATec y los alumnos participantes de la competencia?\u00bb _builder_version=\u00bb4.27.4&#8243; global_colors_info=\u00bb{}\u00bb open=\u00bboff\u00bb]<\/p>\n<p>Por cuestiones de eficiencia en la comunicaci\u00f3n, la informaci\u00f3n referente a cualquier aspecto de la competencia se lleva a cabo entre la Secretar\u00eda de la OATec y las autoridades y docentes de los colegios inscriptos. Son \u00e9stos quienes deben derivar la informaci\u00f3n a sus correspondientes alumnos.<\/p>\n<p>[\/et_pb_accordion_item][et_pb_accordion_item title=\u00bb\u00bfC\u00f3mo se elije la estructura de la primera y segunda instancia evaluatoria?\u00bb _builder_version=\u00bb4.27.4&#8243; global_colors_info=\u00bb{}\u00bb open=\u00bboff\u00bb]<\/p>\n<p>No se pretende que los alumnos respondan absolutamente todas las preguntas en el tiempo otorgado para el examen. La elecci\u00f3n del n\u00famero de preguntas y la duraci\u00f3n del examen ha surgido de un minucioso estudio estad\u00edstico. Dicho estudio garantiza que los participantes obtengan puntajes suficientemente separados entre s\u00ed, de modo que surjan claramente los ganadores.<\/p>\n<p>[\/et_pb_accordion_item][et_pb_accordion_item title=\u00bb\u00bfC\u00f3mo se selecciona el n\u00famero de finalistas?\u00bb _builder_version=\u00bb4.24.0&#8243; global_colors_info=\u00bb{}\u00bb open=\u00bbon\u00bb]<\/p>\n<p>El n\u00famero de participantes seleccionados para la final de cada edici\u00f3n, se elige teniendo en cuenta el presupuesto asignado cada a\u00f1o a la OATec (tener presente que todos los gastos de los finalistas y sus respectivos tutores quedan a cargo de la OATec).<\/p>\n<p>[\/et_pb_accordion_item][\/et_pb_accordion][\/et_pb_column][\/et_pb_row][\/et_pb_section]<\/p>\n","protected":false},"excerpt":{"rendered":"<p>OATEC 2026ACERCA DE OATec\u00a0 &gt;&gt; \u00a0PREGUNTAS FRECUENTES PREGUNTAS FRECUENTES Pueden participar de la Competencia todos aquellos aspirantes que se encuentren en condici\u00f3n de alumnos regulares de escuelas secundarias, tanto estatales como privadas, de todo el pa\u00eds, desde 1.er a\u00f1o hasta el \u00faltimo a\u00f1o del nivel secundario, con la siguiente condici\u00f3n: no superar los 19 a\u00f1os [&hellip;]<\/p>\n","protected":false},"author":4,"featured_media":0,"parent":0,"menu_order":0,"comment_status":"closed","ping_status":"closed","template":"","meta":{"_et_pb_use_builder":"on","_et_pb_old_content":"","_et_gb_content_width":"","footnotes":""},"class_list":["post-116","page","type-page","status-publish","hentry"],"_links":{"self":[{"href":"https:\/\/www.oatec.org.ar\/index.php\/wp-json\/wp\/v2\/pages\/116","targetHints":{"allow":["GET"]}}],"collection":[{"href":"https:\/\/www.oatec.org.ar\/index.php\/wp-json\/wp\/v2\/pages"}],"about":[{"href":"https:\/\/www.oatec.org.ar\/index.php\/wp-json\/wp\/v2\/types\/page"}],"author":[{"embeddable":true,"href":"https:\/\/www.oatec.org.ar\/index.php\/wp-json\/wp\/v2\/users\/4"}],"replies":[{"embeddable":true,"href":"https:\/\/www.oatec.org.ar\/index.php\/wp-json\/wp\/v2\/comments?post=116"}],"version-history":[{"count":35,"href":"https:\/\/www.oatec.org.ar\/index.php\/wp-json\/wp\/v2\/pages\/116\/revisions"}],"predecessor-version":[{"id":2963,"href":"https:\/\/www.oatec.org.ar\/index.php\/wp-json\/wp\/v2\/pages\/116\/revisions\/2963"}],"wp:attachment":[{"href":"https:\/\/www.oatec.org.ar\/index.php\/wp-json\/wp\/v2\/media?parent=116"}],"curies":[{"name":"wp","href":"https:\/\/api.w.org\/{rel}","templated":true}]}}